43?
7
What is the tens digit of 114729360?
6
What is the tens digit of 103791906?
0
What is the hundreds digit of 2942076027?
0
What is the hundred millions digit of 8201770607?
2
What is the tens digit of 1014420729?
2
What is the hundred millions digit of 431241899?
4
What is the tens digit of 160222102?
0
What is the thousands digit of 1028795312?
5
What is the hundreds digit of 12717620?
6
What is the thousands digit of 2051761879?
1
What is the units digit of 4974811600?
0
What is the ten millions digit of 283523781?
8
What is the hundred millions digit of 2049754397?
0
What is the thousands digit of 52704727?
4
What is the thousands digit of 73083395?
3
What is the thousands digit of 38247974?
7
What is the ten millions digit of 14731717?
1
What is the ten thousands digit of 42107437?
0
What is the tens digit of 210044924?
2
What is the ten millions digit of 42247814?
4
What is the units digit of 339478305?
5
What is the ten millions digit of 25509750?
2
What is the thousands digit of 838345802?
5
What is the ten thousands digit of 68907833?
0
What is the hundreds digit of 143905017?
0
What is the hundreds digit of 71374907?
9
What is the thousands digit of 7015471?
5
What is the hundred thousands digit of 204924583?
9
What is the hundred thousands digit of 41399944?
3
What is the ten millions digit of 404496824?
0
What is the units digit of 333510748?
8
What is the tens digit of 336410923?
2
What is the hundreds digit of 61589708?
7
What is the ten millions digit of 570097221?
7
What is the units digit of 1115849648?
8
What is the thousands digit of 3337868372?
8
What is the hundred thousands digit of 161450141?
4
What is the thousands digit of 2875755275?
5
What is the hundred thousands digit of 135844238?
8
What is the hundred millions digit of 2230626709?
2
What is the hundred thousands digit of 25399609?
3
What is the thousands digit of 610183037?
3
What is the tens digit of 107386809?
0
What is the ten millions digit of 249787748?
4
What is the tens digit of 752876885?
8
What is the hundreds digit of 685475548?
5
What is the ten thousands digit of 1104893848?
9
What is the thousands digit of 2806398422?
8
What is the hundred millions digit of 2077412421?
0
What is the ten millions digit of 41648111?
4
What is the billions digit of 1069571382?
1
What is the ten thousands digit of 2343530291?
3
What is the ten millions digit of 372903078?
7
What is the tens digit of 458799867?
6
What is the millions digit of 62188183?
2
What is the billions digit of 2283764716?
2
What is the hundreds digit of 2405385811?
8
What is the tens digit of 54872177?
7
What is the ten thousands digit of 390040136?
4
What is the thousands digit of 519005545?
5
What is the hundreds digit of 35887841?
8
What is the tens digit of 100106595?
9
What is the hundreds digit of 18737428?
4
What is the thousands digit of 3367271?
7
What is the tens digit of 250463057?
5
What is the tens digit of 900238088?
8
What is the millions digit of 297721509?
7
What is the ten thousands digit of 9783716?
8
What is the thousands digit of 34010322?
0
What is the tens digit of 342927772?
7
What is the ten millions digit of 17272929?
1
What is the ten thousands digit of 141043619?
4
What is the ten millions digit of 523032796?
2
What is the hundreds digit of 5630875640?
6
What is the millions digit of 195688405?
5
What is the millions digit of 4363079?
4
What is the ten millions digit of 104978420?
0
What is the ten millions digit of 93450846?
9
What is the ten thousands digit of 25113607?
1
What is the units digit of 776524070?
0
What is the millions digit of 16528493?
6
What is the ten millions digit of 490006367?
9
What is the hundred thousands digit of 8914917?
9
What is the ten millions digit of 137061097?
3
What is the hundreds digit of 38279405?
4
What is the billions digit of 1078505704?
1
What is the ten millions digit of 19083270?
1
What is the tens digit of 131432568?
6
What is the tens digit of 52940054?
5
What is the units digit of 23762669?
9
What is the thousands digit of 488681824?
1
What is the tens digit of 39009438?
3
What is the millions digit of 1502239420?
2
What is the thousands digit of 171582053?
2
What is the units digit of 420040956?
6
What is the ten millions digit of 2413220647?
1
What is the ten millions digit of 718524565?
1
What is the ten thousands digit of 71767213?
6
What is the tens digit of 16120749?
4
What is the thousands digit of 5129938243?
8
What is the hundreds digit of 107535320?
3
What is the ten thousands digit of 128605288?
0
What is the units digit of 126240166?
6
What is the millions digit of 67801313?
7
What is the billions digit of 6162848871?
6
What is the tens digit of 1734423179?
7
What is the millions digit of 644409003?
4
What is the thousands digit of 127281674?
1
What is the ten thousands digit of 1774261455?
6
What is the ten millions digit of 1028235561?
2
What is the thousands digit of 57223796?
3
What is the ten thousands digit of 436107439?
0
What is the hundred thousands digit of 18838353?
8
What is the hundreds digit of 128636737?
7
What is the hundreds digit of 814496044?
0
What is the hundreds digit of 100513440?
4
What is the millions digit of 3109612540?
9
What is the hundreds digit of 20330536?
5
What is the ten thousands digit of 1436052?
3
What is the hundred millions digit of 752192043?
7
What is the millions digit of 4382014485?
2
What is the millions digit of 22948994?
2
What is the millions digit of 9903441?
9
What is the tens digit of 528932049?
4
What is the hundred thousands digit of 1318056649?
0
What is the ten millions digit of 4490893311?
9
What is the hundreds digit of 39998003?
0
What is the hundreds digit of 330276324?
3
What is the units digit of 172855077?
7
What is the units digit of 484431126?
6
What is the thousands digit of 1121857929?
7
What is the units digit of 112935143?
3
What is the tens digit of 34394900?
0
What is the thousands digit of 724130627?
0
What is the millions digit of 1563098759?
3
What is the units digit of 89272514?
4
What is the ten millions digit of 11154784?
1
What is the tens digit of 308864909?
0
What is the billions digit of 1463503482?
1
What is the hundreds digit of 748464113?
1
What is the hundreds digit of 10873494?
4
What is the hundreds digit of 4103972427?
4
What is the tens digit of 101914987?
8
What is the hundred thousands digit of 1513118397?
1
What is the tens digit of 39924179?
7
What is the billions digit of 1546792993?
1
What is the millions digit of 159909005?
9
What is the units digit of 6801461342?
2
What is the tens digit of 4665257245?
4
What is the tens digit of 55025502?
0
What is the hundred millions digit of 203426691?
2
What is the units digit of 354148895?
5
What is the millions digit of 8943843353?
3
What is the hundred thousands digit of 25948645?
9
What is the hundred thousands digit of 286882588?
8
What is the millions digit of 14498030?
4
What is the hundreds digit of 567726?
7
What is the ten thousands digit of 15904506?
0
What is the thousands digit of 3699084?
9
What is the units digit of 325451450?
0
What is the units digit of 32900143?
3
What is the ten thousands digit of 1338022302?
2
What is the ten thousands digit of 224770066?
7
What is the thousands digit of 17995478?
5
What is the units digit of 68459033?
3
What is the ten millions digit of 41832752?
4
What is the hundred thousands digit of 77077574?
0
What is the ten thousands digit of 48121427?
2
What is the tens digit of 42949960?
6
What is the thousands digit of 170558170?
8
What is the millions digit of 104634558?
4
What is the hundreds digit of 444224462?
4
What is the ten millions digit of 50953549?
5
What is the units digit of 1419723820?
0
What is the thousands digit of 5284184?
4
What is the tens digit of 358267785?
8
What is the units digit of 476490817?
7
What is the thousands digit of 333724395?
4
What is the millions digit of 47639319?
7
What is the hundred thousands digit of 340273447?
2
What is the ten thousands digit of 23872679?
7
What is the hundred thousands digit of 26137182?
1
What is the tens digit of 335587828?
2
What is the millions digit of 8008649781?
8
What is the thousands digit of 1030739474?
9
What is the hundred millions digit of 393580332?